4). Suppose -6*i - 264 = -h*i. What is the remainder when i is divided by 23?
20
Suppose 2*z = 4*x - 28, 5*x - 10 = -4*z + 38. Let i(f) = -f**3 + 11*f**2 + 5. Suppose 14*o - 15*o + 11 = 0. What is the remainder when x is divided by i(o)?
3
Suppose 0 = -4*l - 4 - 4, -3*l - 142 = 4*h. Let n = h + 58. Let k = -32 + 37. Calculate the remainder when n is divided by k.
4
Suppose -7*o + 506 = -138. What is the remainder when o is divided by 32?
28
What is the remainder when 150 is divided by ((-171)/(-27))/(2/6)?
17
Let d = -188 - -280. What is the remainder when d is divided by 11?
4
Suppose -15 - 50 = -5*v. Let x = -17 + v. Calculate the remainder when (1 - x) + (-6)/(-3) is divided by 5.
2
Let q(o) = o**2 - 5*o - 7. Let c(j) = -j**3 - 2*j**2 + 7*j + 8. What is the remainder when c(-4) is divided by q(-2)?
5
Let g(i) = -3*i - 7. Let c be g(-8). Suppose -3*d + 10 = -c. Calculate the remainder when 17 is divided by d.
8
Let u(s) = s. Let y(l) = -2*l + 2. Let f(m) = 5*u(m) - y(m). What is the remainder when f(3) is divided by 12?
7
Let a be (-11)/(154/(-63)) - 1/2. Let q be 2/(-6) - 26/(-6). Calculate the remainder when 122 is divided by (-3 + 34)/(a/q).
29
Calculate the remainder when (5/10)/((-7)/(-1078)) is divided by 51.
26
Suppose -193*b - 6942 = -199*b. Calculate the remainder when b is divided by 10.
7
Suppose 2*l + 120 = -5*z, 5*z - 5*l + 145 = -2*l. Let q = z + 43. Calculate the remainder when 67 is divided by q.
16
Let n be (-1)/1*(-3)/3. What is the remainder when (4 - 14)*14/(-4) is divided by 13 + (-2 + n)*1?
11
Let o = 16 + -12. Suppose -84 = -3*m + 120. Suppose 3*v + m = 4*h, 64 = 4*h - 0*h - 2*v. What is the remainder when h is divided by o?
2
Let y = -8 - -15. Let c be (y*1)/((-7)/(-14)). Calculate the remainder when (4/c)/((-8)/(-56)) is divided by 1.
0
Let j = -46 - -52. What is the remainder when 45 is divided by j?
3
Suppose 3*i - 6*i = -2*i. Suppose i = n - 13 + 3. What is the remainder when 89 is divided by n?
9
Let k(u) = -2*u**2 + 3*u - 3*u**3 - u**2 - 5*u - 4. Calculate the remainder when 42 is divided by k(-2).
6
Let b(k) = -k**3 + k**2 + 10. Suppose 6*u + 0*u - 24 = 0. Suppose -4*m + 3*d + u = 0, 2*m + 0*d - 4*d = -8. Calculate the remainder when b(0) is divided by m.
2
Suppose 3*m - 55 = 2*m - 4*i, -4*m = 2*i - 248. Suppose 32*d - 247 = 13*d. What is the remainder when m is divided by d?
11
Let x be 1 - 3 - (7 + 48). Let h = -31 - x. Calculate the remainder when h is divided by 7.
5
Let z = -83 - -118. Calculate the remainder when z/6 - (-4 + (-115)/(-30)) is divided by 2 + (-2 - -2)/(-2).
0
Suppose 4*z = -4*o + 92, 20 = z - o + 3*o. Let p = 193 - 119. What is the remainder when p is divided by z?
22
Let s(j) = j**2 + 6*j - 6. Let w be s(-7). Let x be 36/8 + w/2. Suppose 5*f - 10 = x. What is the remainder when 8 is divided by f?
2
Let x(v) = 40*v - 417. Calculate the remainder when 230 is divided by x(13).
24
Let j(k) = -k**3 - 7*k**2 + 6*k + 1. Let a be j(-8). Suppose -9*r + 80 - a = 0. Calculate the remainder when (2/4)/(2/44) is divided by r.
4
Suppose -4*p + 3*u - 6 = -9, 24 = 4*p + 4*u. Suppose 6*t - 136 = -2*t. What is the remainder when t is divided by p?
2
Let h be (12/8)/((-4)/(-8)). Suppose 0 = -h*u + 35 + 31. Calculate the remainder when u is divided by 3.
1
Let f = -9 - -16. Suppose -4*i + f + 45 = 0. Suppose -37*u + 40*u - 75 = 0. What is the remainder when u is divided by i?
12
Let a(j) = 3*j**2 + 11*j + 20. Calculate the remainder when a(-2) is divided by 1.
0
Let w = 289 - 85. What is the remainder when w is divided by 69?
66
Suppose -y - 8 = -7. Let c be 7 - y/((-3)/6). Suppose 0*g - c*g + 205 = 0. What is the remainder when 80 is divided by g?
39
Suppose 12*i = 20*i + 72. Let k = i - -150. What is the remainder when k is divided by 11?
9
Suppose -52 = -3*k - 2*m, -2*m + 3*m - 17 = -k. Suppose -84*z + 2623 = -41*z. Calculate the remainder when z is divided by k.
7
Let w = -74 - -50. Let o = -23 - w. Calculate the remainder when 1 is divided by o.
0
Let m = -1455 - -1522. What is the remainder when 1338 is divided by m?
65
Let n(v) = -3*v**3 - 6*v**2 + 14. Calculate the remainder when n(-6) is divided by 41.
36
Suppose 5*t = -l + 268, 0 = -4*l - 6*t + 3*t + 1021. Calculate the remainder when l is divided by 74.
31
Let z(i) = i**3 - 6*i**2 + 6*i - 1. Calculate the remainder when (60 + -61)/(1/(-10)) is divided by z(5).
2
Let l = -129 - -231. Calculate the remainder when 329 is divided by l.
23
Suppose -y = -6*d + 7*d - 1, 1 = 2*y + 3*d. What is the remainder when 189/28 - (-3)/24*y is divided by 6?
1
Suppose 2*h - h - 13 = 0. Calculate the remainder when h is divided by 50/13 + (-2)/(-13).
1
Suppose -3*f = 2*d - 59, -10*f - 90 = -14*f + 3*d. Calculate the remainder when 439 is divided by f.
19
Let y = 2081 - 1566. Calculate the remainder when y is divided by 12.
11
Let y be (4 + -2)*3/2. Suppose y*l - 4*l = -28. Let w = 80 + 30. What is the remainder when w is divided by l?
26
Suppose -5*g - 1085 = -2*p, 4*p - 854 - 1391 = -5*g. Calculate the remainder when p is divided by 18.
15
Let b(i) = -6*i - 4. Let q be b(-2). Suppose 6*w - q*w = -314. Calculate the remainder when w is divided by 40.
37
Let m = -42 - -70. Suppose 26 = 3*d - m. Calculate the remainder when d is divided by -1*(-10 - (-6)/2).
4
Let r = 32 - -15. Suppose 54*b - 50*b - 48 = 0. What is the remainder when r is divided by b?
11
Let l = -60 - -77. Let s = 67 + -36. Calculate the remainder when s is divided by l.
14
Let j = -12 - -7. Let p be (3 - (1 - 0)) + j. Let l = p - -9. Calculate the remainder when 21 is divided by l.
3
Suppose 4*a + 9 = -3. Let n(m) = -4*m - 7. Let l be n(a). Let c = 2 + l. What is the remainder when 13 is divided by c?
6
Suppose 3 = -u + 1. What is the remainder when 20 is divided by (-3)/(u/4*1)?
2
Suppose 21*c - 15048 = -1398. What is the remainder when c is divided by 21?
20
Suppose -12*b = 155 - 2051. Suppose -10 = 4*d - 4*m - b, 0 = -4*m - 16. Calculate the remainder when d is divided by 21.
12
Suppose 2*x + 3*x = 2*c + 119, -4*x - 4*c = -84. Calculate the remainder when 130 is divided by x.
15
Let v = 1 + 3. Let i be ((-1096)/(-9))/1 + 8/36. Suppose -i + 26 = -v*f. What is the remainder when 45 is divided by f?
21
Suppose -5*m - 159 = -394. What is the remainder when 51 is divided by m?
4
Let r = -57 - -99. Suppose -24*y + 140 = -220. What is the remainder when r is divided by y?
12
Suppose -27 = -5*h + 3. Suppose 0 = -4*x - 0 + 20. Suppose -48 - 32 = -x*b. What is the remainder when b is divided by h?
4
Let m(u) = 4*u**2 + 2*u + 1. Let w(t) = t**2 + 8*t + 4. Let d be w(-8). Let h be 6/(-12) - (-10)/d. What is the remainder when m(h) is divided by 11?
10
Let d be (-1)/(((-4)/2956)/(2 - 1)). Suppose -d = -13*x + 431. Calculate the remainder when x is divided by 23.
21
Let a = 22 + -8. Let b(m) = -m**3 - m**2 + m + 3. Let h be b(-4). Suppose -3*g - 125 - h = -4*v, -5*g - 20 = 0. Calculate the remainder when v is divided by a.
12
Let u(p) = -5*p + 101. What is the remainder when u(0) is divided by 37?
27
Let b = -858 + 896. What is the remainder when 208 is divided by b?
18
Suppose -x - p + 52 = 0, 3*x + 2*p - 160 = -0*p. Calculate the remainder when 58 is divided by x.
2
Let t be ((-25)/5)/(2/(-6)). Suppose 12 = -4*z - 5*h, 4*z + 8 = -h - 3*h. Suppose z*c - t = c. Calculate the remainder when 57 is divided by c.
12
Let w(v) = v**3 + 4*v**2 + 2. Let q be w(-4). Suppose -2*g + h = -13, 20 = q*g + g - h. Suppose c - g = -2. What is the remainder when c is divided by 4?
1
Suppose -2*t + w + 29 = 3*t, 4 = t - 2*w. Suppose 0 = u - 4 + 1. Calculate the remainder when 3 is divided by (u/t*2)/1.
0
Let i(u) = -u + 7. Let r be i(-7). Let j = r - 2. What is the remainder when (-196)/(-9) - (-8)/36 is divided by j?
10
Suppose 0 = -2*n - 11*n + 1326. Calculate the remainder when n is divided by 5.
2
Suppose -3*w - 2*w - 3*q = -28, 4*q = 3*w - 11. Suppose 3*y = 7*y - 5*s - 23, 2*s = 4*y - 38. What is the remainder when y is divided by w?
2
Let p = 38 + -22. Suppose -5*o - 51 = -m - 193, 125 = 4*o + 3*m. What is the remainder when o is divided by p?
13
Let f = 39 + -17. Suppose -3*k - 9 = 0, -5*n - 5*k + 984 = -3*k. Suppose n - 9 = 3*x. What is the remainder when x is divided by f?
19
Let x be 3 + (-4)/(-4) + 4. Calculate the